ue
Does 601 divide 6052671?
True
Does 197 divide 3159486?
True
Is 1318121 a multiple of 18?
False
Does 40 divide 33033?
False
Is 29800 a multiple of 2?
True
Is 23 a factor of 389182?
False
Is 292559 a multiple of 30?
False
Does 48 divide 74016?
True
Is 14 a factor of 292768?
True
Is 288 a factor of 4158144?
True
Is 74780 a multiple of 20?
True
Is 364140 a multiple of 15?
True
Is 4027096 a multiple of 68?
True
Does 290 divide 338339?
False
Is 6557599 a multiple of 22?
False
Does 27 divide 20700?
False
Does 105 divide 411180?
True
Is 191595 a multiple of 265?
True
Is 21 a factor of 45906?
True
Is 38 a factor of 2475016?
True
Does 3 divide 39624?
True
Is 130502 a multiple of 34?
False
Does 22 divide 628509?
False
Does 185 divide 5803080?
True
Is 3288 a multiple of 52?
False
Is 67 a factor of 1392640?
False
Is 17 a factor of 22016362?
False
Is 19 a factor of 207575?
True
Does 52 divide 32940?
False
Does 349 divide 276609?
False
Is 10 a factor of 37340?
True
Is 125677 a multiple of 3?
False
Is 84375 a multiple of 13?
False
Is 490 a factor of 766850?
True
Does 6 divide 20147?
False
Is 176120 a multiple of 35?
True
Does 28 divide 9485370?
False
Is 1441991 a multiple of 4?
False
Is 32863 a multiple of 3?
False
Is 120177 a multiple of 29?
False
Does 86 divide 12384?
True
Is 29 a factor of 4468137?
False
Is 365556 a multiple of 15?
False
Is 260642 a multiple of 237?
False
Is 144 a factor of 1996992?
True
Is 82 a factor of 165804?
True
Is 37674 a multiple of 21?
True
Does 86 divide 530964?
True
Does 160 divide 155680?
True
Is 5153148 a multiple of 1001?
True
Is 6551936 a multiple of 2176?
True
Is 691407 a multiple of 99?
False
Is 16 a factor of 10931?
False
Does 129 divide 313876?
False
Is 64 a factor of 1790400?
True
Is 25 a factor of 19576?
False
Does 7 divide 53205?
False
Does 24 divide 173376?
True
Is 11 a factor of 2918542?
True
Does 35 divide 108508?
False
Is 8424052 a multiple of 91?
True
Is 629528 a multiple of 55?
False
Is 1944498 a multiple of 38?
True
Is 593 a factor of 7979263?
False
Is 3039106 a multiple of 259?
True
Is 67102 a multiple of 11?
False
Is 374394 a multiple of 46?
True
Is 268 a factor of 7036667?
False
Is 5462442 a multiple of 537?
False
Does 10 divide 157822?
False
Does 60 divide 5244837?
False
Is 8736 a multiple of 104?
True
Does 2177 divide 2568860?
True
Is 37 a factor of 1146029?
False
Does 72 divide 50518?
False
Is 140436 a multiple of 9?
True
Is 1436306 a multiple of 386?
True
Is 168029 a multiple of 73?
False
Is 366362 a multiple of 2?
True
Does 233 divide 6179959?
False
Is 49 a factor of 1723339?
False
Is 11 a factor of 312785?
True
Is 767488 a multiple of 27?
False
Is 117032 a multiple of 13?
False
Does 172 divide 492780?
True
Is 377201 a multiple of 559?
False
Does 33 divide 51407?
False
Is 3905850 a multiple of 130?
True
Does 55 divide 189145?
True
Is 1957515 a multiple of 721?
True
Is 584 a factor of 544872?
True
Is 51 a factor of 766925?
False
Does 9 divide 34200?
True
Is 17 a factor of 4159594?
True
Is 23216852 a multiple of 1892?
False
Does 15 divide 4061822?
False
Is 158395 a multiple of 395?
True
Does 10 divide 417920?
True
Is 14718 a multiple of 87?
False
Does 55 divide 3294312?
False
Is 58 a factor of 180844?
True
Is 16 a factor of 5083392?
True
Is 454360 a multiple of 40?
True
Does 39 divide 296911?
False
Is 396090 a multiple of 15?
True
Does 306 divide 1662017?
False
Is 75 a factor of 642141?
False
Does 6 divide 2678073?
False
Is 31 a factor of 76767?
False
Is 72 a factor of 2774955?
False
Does 99 divide 91585?
False
Is 147 a factor of 753951?
False
Is 238910 a multiple of 14?
True
Is 15850 a multiple of 9?
False
Is 1156052 a multiple of 62?
True
Is 667 a factor of 586781?
False
Is 9 a factor of 217322?
False
Does 13 divide 14598196?
False
Is 385 a factor of 618379?
False
Is 107 a factor of 133536?
True
Is 922859 a multiple of 9?
False
Is 294576 a multiple of 228?
True
Is 79 a factor of 418226?
True
Does 409 divide 7944303?
False
Is 1392793 a multiple of 57?
False
Is 625 a factor of 542858?
False
Is 1902720 a multiple of 192?
True
Is 7 a factor of 2708153?
True
Is 1012268 a multiple of 26?
False
Is 9 a factor of 237934?
False
Is 277 a factor of 58877?
False
Is 5289365 a multiple of 5?
True
Is 445 a factor of 555878?
False
Does 15 divide 2479725?
True
Is 578023 a multiple of 16?
False
Is 785 a factor of 10695625?
True
Does 90 divide 105236?
False
Does 15 divide 1932750?
True
Does 13 divide 13858?
True
Is 5692212 a multiple of 20?
False
Is 17047168 a multiple of 194?
True
Is 663970 a multiple of 67?
True
Is 107895 a multiple of 15?
True
Does 60 divide 528477?
False
Is 2178414 a multiple of 29?
False
Does 390 divide 1302600?
True
Does 5 divide 2141660?
True
Is 83 a factor of 45548?
False
Is 7107966 a multiple of 3?
True
Does 15 divide 1690545?
True
Is 11 a factor of 123015?
False
Is 82925 a multiple of 270?
False
Is 65 a factor of 185445?
True
Does 3 divide 30111?
True
Is 32186431 a multiple of 9?
False
Is 2 a factor of 16474?
True
Is 14 a factor of 23701737?
False
Is 110653 a multiple of 23?
True
Is 186 a factor of 301878?
True
Is 2991429 a multiple of 245?
False
Is 310 a factor of 303800?
True
Is 53952 a multiple of 192?
True
Does 387 divide 14567067?
True
Does 1046 divide 12873122?
True
Does 67 divide 99093?
True
Does 89 divide 51264?
True
Does 55 divide 1233925?
True
Is 3198006 a multiple of 217?
False
Is 343 a factor of 2047256?
False
Does 74 divide 5399632?
True
Is 23 a factor of 206034?
True
Does 200 divide 27740?
False
Is 128058 a multiple of 14?
True
Does 40 divide 19179372?
False
Is 118752 a multiple of 48?
True
Does 198 divide 71676?
True
Is 74927 a multiple of 54?
False
Is 30 a factor of 38750?
False
Does 3 divide 1287926?
False
Does 84 divide 2835504?
True
Does 11 divide 651049?
False
Does 199 divide 217174?
False
Is 375 a factor of 2123045?
False
Is 4200240 a multiple of 88?
True
Is 42 a factor of 2897312?
False
Is 529756 a multiple of 39?
False
Is 233 a factor of 149809?
False
Is 548 a factor of 412096?
True
Does 62 divide 1545846?
True
Does 439 divide 883926?
False
Does 859 divide 11276093?
True
Is 142 a factor of 728713?
False
Is 33 a factor of 2648745?
True
Does 12 divide 20117866?
False
Is 43 a factor of 31777?
True
Is 30 a factor of 2813490?
True
Does 22 divide 275198?
True
Does 26 divide 919671?
False
Is 55 a factor of 114085?
False
Is 1069770 a multiple of 10?
True
Does 10 divide 5852240?
True
Does 97 divide 1959164?
False
Does 87 divide 2972383?
False
Is 928823 a multiple of 109?
False
Is 1238119 a multiple of 189?
False
Is 506 a factor of 2771868?
True
Is 40 a factor of 889800?
True
Is 1053315 a multiple of 45?
True
Is 2907228 a multiple of 164?
True
Does 10 divide 4885147?
False
Does 427 divide 13184880?
False
Is 201885 a multiple of 15?
True
Is 23 a factor of 226785?
False
Is 28 a factor of 5383250?
False
Does 16 divide 2977312?
True
Is 257050 a multiple of 25?
True
Does 852 divide 3427082?
False
Is 1000736 a multiple of 51?
False
Does 109 divide 73575?
True
Does 135 divide 264227?
False
Does 4 divide 366424?
True
Is 288 a factor of 7624224?
True
Does 6 divide 160487?
False
Is 78 a factor of 2501616?
True
Is 2757944 a multiple of 136?
True
Is 29 a factor of 211143?
False
Is 19 a factor of 13965?
True
Does 39 divide 281580?
True
Is 10 a factor of 185371?
False
Is 6493877 a multiple of 1258?
False
Does 11 divide 828443?
True
Is 10 a factor of 2498?
False
Is 51 a factor of 109500?
False
Is 932115 a multiple of 27?
False
Is 1911603 a multiple of 152?
False
Is 194834 a multiple of 15?
False
Is 2010608 a multiple of 53?
True
Is 14 a factor of 2945979?
False
Is 48 a factor of 269328?
True
Is 67 a factor of 376339?
True
Is 404019 a multiple of 41?
False
Is 558 a factor of 122391?
False
Is 55 a factor of 10493806?
False
Is 997960 a multiple of 122?
True
Is 441714 a multiple of 42?
True
Does 5 divide 28112?
False
Does 30 divide 159480?
True
Is 59670 a multiple of 51?
True
Is 29 a factor of 1601118?
False
Does 17 divide 1301487?
False
Is 6 a factor of 26935?
False
Is 47100 a multiple of 137?
False
Is 8 a factor of 295312?
True
Is 27 a factor of 338013?
True
Does 328 divide 8888472?
True
Does 23 divide 1673342?
True
Does 306 divide 208663?
False
Does 37 divide 829540?
True
Is 195 a factor of 